{"id":527,"date":"2020-01-27T15:10:13","date_gmt":"2020-01-27T14:10:13","guid":{"rendered":"http:\/\/dev.gamassur.com\/?page_id=527"},"modified":"2021-09-16T12:07:02","modified_gmt":"2021-09-16T10:07:02","slug":"organigramme","status":"publish","type":"page","link":"https:\/\/gamassur.com\/index.php\/organigramme\/","title":{"rendered":"Organigramme"},"content":{"rendered":"\n<div class=\"wp-block-themeisle-blocks-advanced-columns alignfull has-1-columns has-desktop-equal-layout has-tablet-equal-layout has-mobile-equal-layout has-default-gap has-vertical-unset\" id=\"wp-block-themeisle-blocks-advanced-columns-6a4973ba\"><div class=\"wp-block-themeisle-blocks-advanced-columns-overlay\"><\/div><div class=\"innerblocks-wrap\">\n<div class=\"wp-block-themeisle-blocks-advanced-column\" id=\"wp-block-themeisle-blocks-advanced-column-38a92157\">\n<div class=\"organigramme\">\n\n\t\t\t<div class=\"mc-row\">\n\t\t\t\t<div class=\"mc-service-container\">\n\t\t\t\t\t\n\t\t\t\t<h3 class=\"mc-title\">Direction G\u00e9n\u00e9ral<\/h3><div class=\"mc-service direction\"><div class=\"mc-element\"><h4 class=\"mc-name\">Fran\u00e7ois de Campou<\/h4><p class=\"mc-jobs\"><strong>Pr\u00e9sident<\/strong><br>Direction financieres administratives et technique, cotations, relations commerciales, politiques et d\u00e9veloppement, suivi polices, r\u00e9clamations, gestion plaisance, relations compagnies, bilan DRH<\/p><\/div><\/div><\/div>\n\t\t\t<\/div>\n\n\t\t\t<div class=\"mc-row\">\n\t\t\t\t<div class=\"mc-service-container\">\n\t\t\t\t\t\n\t\t\t\t\t\n\t\t\t\t<h3 class=\"mc-title\">Sinistre<\/h3><div class=\"mc-service sinistre\"><div class=\"mc-element\"><h4 class=\"mc-name\">Isabelle Bouin<\/h4><p class=\"mc-jobs\"><strong>Responsable Sinistre<\/strong><br>Gestion et saisie sinistres, sinistre plaisance, recours et dispache, gestion police CTN, commissariat d&rsquo;avarie<\/p><\/div><div class=\"mc-element\"><h4 class=\"mc-name\">Mathieu Amblard<\/h4><p class=\"mc-jobs\"><strong>Collaborateur sinistres<\/strong><br>Gestion et saisie : sinistres, plaisance, police avis d\u2019aliment, recours et dispaches<\/p><\/div><\/div><\/div>\n\n\t\t\t\t<div class=\"mc-service-container\">\n\t\t\t\t\t\n\t\t\t\t\t\n\t\t\t\t<h3 class=\"mc-title\">Informatique et gestion administrative Marsys<\/h3><div class=\"mc-service info-gam\"><div class=\"mc-element\"><h4 class=\"mc-name\">Laurent Teissier<\/h4><p class=\"mc-jobs\"><strong>Responsable production et informatique<\/strong><br>Relation administrative compagnies, fournisseurs, d\u00e9veloppement et formation informatique, statistiques, supervision r\u00e9seau, GEIDE, intranet<\/p><\/div><div class=\"mc-element\"><h4 class=\"mc-name\">Corinne Teissier<\/h4><p class=\"mc-jobs\"><strong>Gestionnaire polices<\/strong><br>Souscription gestion polices facult\u00e9s, corps, plaisance<\/p><\/div><\/div><\/div>\n\n\t\t\t\t<div class=\"mc-service-container\">\n\t\t\t\t\t\n\n\t\t\t\t\t\n\t\t\t\t<h3 class=\"mc-title\">Comptabilit\u00e9<\/h3><div class=\"mc-service compta\"><div class=\"mc-element\"><h4 class=\"mc-name\">\u00c9velyne Kochert<\/h4><p class=\"mc-jobs\"><strong>Responsable de la comptabilit\u00e9<\/strong><br>Relations expert comptable, paye, pr\u00e9visions, budg\u00e9tisation, bilans, lutte contre le blanchissement<\/p><\/div><div class=\"mc-element\"><h4 class=\"mc-name\">Caroline \u00c9n\u00e9a<\/h4><p class=\"mc-jobs\"><strong>Assistance de gestion<\/strong><br>Saisie r\u00e8glements compagnies, saisie \u00e9critures comptables, formalit\u00e9s administratives<\/p><\/div><\/div><\/div>\n\t\t\t<\/div>\n\n\t\t\t<div class=\"mc-row\">\n\t\t\t\t<div class=\"mc-service-container\">\n\t\t\t\t\t\t\n\t\t\t\t<h3 class=\"mc-title\">Secr\u00e9tariat<\/h3><div class=\"mc-service secretariat\"><div class=\"mc-element\"><h4 class=\"mc-name\">Marie-Laure Boutry<\/h4><p class=\"mc-jobs\"><strong>Assistance de direction<\/strong><br>Secr\u00e9tariat trilingue, accueil, standard, achats<\/p><\/div><\/div><\/div>\n\t\t\t<\/div>\n\n\t\t\t\n\t\t<\/div>\n<\/div>\n<\/div><\/div>\n","protected":false},"excerpt":{"rendered":"","protected":false},"author":1,"featured_media":0,"parent":0,"menu_order":0,"comment_status":"closed","ping_status":"closed","template":"","meta":{"spay_email":""},"_links":{"self":[{"href":"https:\/\/gamassur.com\/index.php\/wp-json\/wp\/v2\/pages\/527"}],"collection":[{"href":"https:\/\/gamassur.com\/index.php\/wp-json\/wp\/v2\/pages"}],"about":[{"href":"https:\/\/gamassur.com\/index.php\/wp-json\/wp\/v2\/types\/page"}],"author":[{"embeddable":true,"href":"https:\/\/gamassur.com\/index.php\/wp-json\/wp\/v2\/users\/1"}],"replies":[{"embeddable":true,"href":"https:\/\/gamassur.com\/index.php\/wp-json\/wp\/v2\/comments?post=527"}],"version-history":[{"count":19,"href":"https:\/\/gamassur.com\/index.php\/wp-json\/wp\/v2\/pages\/527\/revisions"}],"predecessor-version":[{"id":721,"href":"https:\/\/gamassur.com\/index.php\/wp-json\/wp\/v2\/pages\/527\/revisions\/721"}],"wp:attachment":[{"href":"https:\/\/gamassur.com\/index.php\/wp-json\/wp\/v2\/media?parent=527"}],"curies":[{"name":"wp","href":"https:\/\/api.w.org\/{rel}","templated":true}]}}